ue
Is 33862037 composite?
True
Is 1352941 composite?
True
Is 7970341 a composite number?
True
Is 23741558 a composite number?
True
Is 54814 composite?
True
Is 441156853 a prime number?
True
Is 2957477 a composite number?
False
Is 40362827 a composite number?
True
Is 54294641 composite?
True
Is 12482551 a composite number?
False
Is 273479873 a prime number?
True
Is 401069527 a composite number?
True
Is 2797117 composite?
False
Is 1607959 composite?
True
Is 14187289 prime?
False
Is 91719203 a composite number?
True
Is 4517873 prime?
True
Is 6707849 composite?
True
Is 4278829 a composite number?
False
Is 6293849 composite?
False
Is 2757263 a composite number?
True
Is 292511 composite?
True
Is 42936293 a composite number?
False
Is 59351 a prime number?
True
Is 7020939 prime?
False
Is 4669451 prime?
False
Is 52635593 a prime number?
False
Is 70524887 a composite number?
False
Is 92277631 a composite number?
True
Is 67919899 composite?
True
Is 1195801 prime?
True
Is 16830959 a composite number?
False
Is 299703 a prime number?
False
Is 3862969 a composite number?
True
Is 338238469 a composite number?
False
Is 4025031 a prime number?
False
Is 2270111 a prime number?
True
Is 11095883 a prime number?
False
Is 411470507 prime?
False
Is 208093001 a prime number?
True
Is 15951907 composite?
True
Is 457302017 composite?
False
Is 161013121 prime?
True
Is 17246969 composite?
False
Is 1001613 a prime number?
False
Is 150173609 composite?
False
Is 40214183 prime?
False
Is 11799497 a prime number?
False
Is 1818977 composite?
False
Is 773159129 prime?
False
Is 739171 a prime number?
True
Is 3938837 prime?
False
Is 13748149 prime?
True
Is 2100913 a prime number?
True
Is 4096819 composite?
False
Is 212642405 a prime number?
False
Is 17199553 a prime number?
False
Is 8604485 prime?
False
Is 2295677 prime?
True
Is 25640327 prime?
False
Is 150336383 prime?
True
Is 2921663 composite?
True
Is 3240493 a prime number?
False
Is 1762031 a prime number?
True
Is 4372589 a composite number?
True
Is 1048261 a composite number?
False
Is 742891 prime?
True
Is 6224765 composite?
True
Is 133654451 a composite number?
True
Is 1506451 a composite number?
True
Is 15456251 a composite number?
True
Is 94709 a prime number?
True
Is 865602593 a composite number?
True
Is 63934489 prime?
True
Is 80516893 a prime number?
False
Is 153687 a composite number?
True
Is 14480701 a composite number?
False
Is 1855637 prime?
False
Is 98301787 prime?
True
Is 64155379 a prime number?
True
Is 9218861 a prime number?
True
Is 10306897 a prime number?
True
Is 436337 a prime number?
False
Is 53149039 a composite number?
False
Is 26501989 composite?
True
Is 1905577 composite?
False
Is 111332183 a prime number?
True
Is 4588579 prime?
False
Is 27786061 composite?
False
Is 28359047 a prime number?
False
Is 419960089 a prime number?
False
Is 13239703 prime?
True
Is 48699667 a prime number?
False
Is 76885423 prime?
True
Is 2661611 prime?
True
Is 975899 prime?
True
Is 485016367 a composite number?
True
Is 205513859 prime?
True
Is 9482737 a prime number?
False
Is 315965527 a composite number?
True
Is 69468877 composite?
False
Is 1197049 prime?
False
Is 966071 composite?
True
Is 3844471 composite?
True
Is 364853 prime?
True
Is 62008846 composite?
True
Is 58613939 a prime number?
True
Is 160424795 a composite number?
True
Is 92847163 a composite number?
False
Is 51549007 prime?
True
Is 16441262 a prime number?
False
Is 297497191 composite?
False
Is 640488791 composite?
False
Is 699585511 a composite number?
False
Is 292644487 a prime number?
True
Is 31700803 a composite number?
False
Is 1081477 composite?
False
Is 31356331 a composite number?
True
Is 24286727 a prime number?
False
Is 359861 prime?
False
Is 45288262 a prime number?
False
Is 23587999 prime?
True
Is 719503 a prime number?
True
Is 277408831 composite?
True
Is 519162199 a prime number?
False
Is 397411349 prime?
True
Is 241644791 a composite number?
True
Is 1842017 a prime number?
False
Is 1696449 a prime number?
False
Is 139619 composite?
False
Is 31885921 composite?
False
Is 43044047 a composite number?
False
Is 2081179 a composite number?
True
Is 156117113 a prime number?
False
Is 3555217 a prime number?
True
Is 158973449 a prime number?
False
Is 7919893 a composite number?
False
Is 52332641 a composite number?
False
Is 8263769 prime?
True
Is 236987 composite?
True
Is 882917 a composite number?
True
Is 10630511 composite?
True
Is 562333 composite?
False
Is 1851809 a prime number?
True
Is 467429 a prime number?
False
Is 269534659 a prime number?
True
Is 1668197 prime?
True
Is 510939193 prime?
False
Is 138388499 prime?
True
Is 15008731 a composite number?
False
Is 30151921 prime?
True
Is 377471681 composite?
False
Is 76914559 a prime number?
False
Is 11284127 prime?
True
Is 3400741 composite?
True
Is 16255903 a composite number?
False
Is 16831379 composite?
False
Is 180978065 prime?
False
Is 10083607 a composite number?
True
Is 3334543 composite?
False
Is 532910927 composite?
False
Is 190241 composite?
True
Is 2257069 a prime number?
True
Is 3453587 prime?
True
Is 206181463 composite?
True
Is 13923457 a composite number?
False
Is 108243991 a composite number?
False
Is 76389319 composite?
True
Is 6555487 prime?
False
Is 8340701 a prime number?
False
Is 6710765 prime?
False
Is 79593457 prime?
False
Is 432243917 prime?
False
Is 6814817 composite?
True
Is 133294369 prime?
False
Is 43197851 composite?
True
Is 11346649 a composite number?
True
Is 78814433 prime?
True
Is 2530519 prime?
True
Is 257419541 a composite number?
False
Is 777323 a prime number?
False
Is 2933701 a composite number?
True
Is 739979 a composite number?
True
Is 4945411 prime?
True
Is 725635933 a composite number?
True
Is 1034417971 prime?
False
Is 22720127 a composite number?
False
Is 16232459 a composite number?
False
Is 8598019 prime?
False
Is 383208707 composite?
True
Is 4738535 a prime number?
False
Is 14771738 prime?
False
Is 2139061 prime?
False
Is 93983465 composite?
True
Is 361792147 composite?
True
Is 27085063 a composite number?
True
Is 560321 a prime number?
False
Is 1535041 a composite number?
False
Is 9368041 prime?
True
Is 5404423 prime?
False
Is 100691 composite?
True
Is 28882933 prime?
False
Is 27486617 composite?
True
Is 735775207 a composite number?
False
Is 22675307 a prime number?
True
Is 185108551 a composite number?
False
Is 628423 prime?
True
Is 3266891 composite?
True
Is 9877111 a composite number?
True
Is 1058711 a prime number?
True
Is 1603187 composite?
True
Is 554200707 a composite number?
True
Is 27730943 composite?
False
Is 87675391 composite?
True
Is 3376567 composite?
False
Is 3266449 composite?
True
Is 23954401 a prime number?
False
Is 24535249 composite?
True
Is 2348161 composite?
False
Is 25656483 composite?
True
Is 93808999 prime?
True
Is 145427719 a prime number?
False
Is 231808631 prime?
True
Is 497011 a prime number?
True
Is 14812841 prime?
True
Is 555089215 a composite number?
True
Is 1327871 a composite number?
False
Is 254251 prime?
False
Is 137996263 a prime number?
True
Is 954641 a composite number?
False
Is 1309469 composite?
True
Is 10041553 prime?
False
Is 1831889 prime?
False
Is 8777617 composite?
False
Is 30305107 prime?
False
Is 25593523 composite?
False
Is 220823 prime?
False
Is 3878913 prime?
False
Is 93561257 prime?
True
Is 74627981 a composite number?
False
Is 12459163 composite?
False
Is 3352667 composite?
True
Is 1118519 prime?
True
Is 7185019 prime?
True
Is 452855531 a composite number?
False
Is 26386799 a composite number?
True
Is 5409949 a prime number?
False
Is 111497539 a composite number?
True
Is 329684081 a prime number?
False
Is 9714781 composite?
True
Is 19397197 prime?
True
Is 26249837 a prime number?
True
Is 201265 a prime number?
False
Is 578869 a prime number?
False
Is 122836573 a prime number?
False
Is 230472083 composite?
False
Is 8438591 a prime number?
False
Is 9928043 composite?
False
Is 821263 a prime number?
True
Is 104640001 a prime number?
False
Is 27676105 a prime number?
False
Is 73412707 composite?
True
Is 9191627 a composite number?
False
Is 676441 a prime number?
False
Is 175247 prime?
False
Is 133769 a composite number?
False
Is 2204119 a prime number?
False
Is 13176419 prime?
True
Is 1123777 a composit